{"id":114726,"date":"2026-04-24T23:58:17","date_gmt":"2026-04-24T21:58:17","guid":{"rendered":"https:\/\/www.berg-coiron-tourisme.com\/?apidae=concert-de-big-jo-loliv-dans-le-cadre-du-marche"},"modified":"2026-04-24T23:58:17","modified_gmt":"2026-04-24T21:58:17","slug":"concert-de-big-jo-loliv-dans-le-cadre-du-marche","status":"publish","type":"apidae","link":"https:\/\/www.berg-coiron-tourisme.com\/en\/?apidae=concert-de-big-jo-loliv-dans-le-cadre-du-marche","title":{"rendered":"Big Jo &amp; l&#8217;Oliv concert as part of the market"},"content":{"rendered":"<p>July 13: Zebu &#8211; Rock (organized by the Clede association)<br \/>\nJuly 20: Kataok\u00e9 (organized by the Children of the Darbres School association)<br \/>\nJuly 27: Herp\u00e8s Virus &#8211; Intergenerational militant punk band (organized by the \u00c9chapp\u00e9e belle association)<br \/>\nAugust 3: Le vagabond et le renard &#8211; Musical performance (slam\/guinguette) (organized by the Terra cultura association)<br \/>\nAugust 10: Maudoux &#8211; Chanson and musette (organized by the Ensemble et solidaires association)<br \/>\nAugust 17: Lokta &#8211; Electro-folk dance (organized by the Clede association)<br \/>\nAugust 24: Bouchon Tropical show (organized by the Clede association)<\/p>\n","protected":false},"excerpt":{"rendered":"<p>As part of the producers&#8217; and artisans&#8217; market, the Clede association is organizing and offering you a concert by Big Jo &amp; l&#8217;Oliv (French song).<\/p>\n","protected":false},"featured_media":114727,"template":"","_links":{"self":[{"href":"https:\/\/www.berg-coiron-tourisme.com\/en\/wp-json\/wp\/v2\/apidae\/114726"}],"collection":[{"href":"https:\/\/www.berg-coiron-tourisme.com\/en\/wp-json\/wp\/v2\/apidae"}],"about":[{"href":"https:\/\/www.berg-coiron-tourisme.com\/en\/wp-json\/wp\/v2\/types\/apidae"}],"wp:featuredmedia":[{"embeddable":true,"href":"https:\/\/www.berg-coiron-tourisme.com\/en\/wp-json\/wp\/v2\/media\/114727"}],"wp:attachment":[{"href":"https:\/\/www.berg-coiron-tourisme.com\/en\/wp-json\/wp\/v2\/media?parent=114726"}],"curies":[{"name":"wp","href":"https:\/\/api.w.org\/{rel}","templated":true}]}}

<p>July 13: Zebu &#8211; Rock (organized by the Clede association)<br />
July 20: Kataoké (organized by the Children of the Darbres School association)<br />
July 27: Herpès Virus &#8211; Intergenerational militant punk band (organized by the Échappée belle association)<br />
August 3: Le vagabond et le renard &#8211; Musical performance (slam/guinguette) (organized by the Terra cultura association)<br />
August 10: Maudoux &#8211; Chanson and musette (organized by the Ensemble et solidaires association)<br />
August 17: Lokta &#8211; Electro-folk dance (organized by the Clede association)<br />
August 24: Bouchon Tropical show (organized by the Clede association)</p>
