{"id":114586,"date":"2026-04-24T23:57:46","date_gmt":"2026-04-24T21:57:46","guid":{"rendered":"https:\/\/www.berg-coiron-tourisme.com\/?apidae=nuit-europeenne-des-musees-grand-site-de-france-de-laven-dorgnac-la-prehistoire-fait-son-cirque"},"modified":"2026-04-24T23:57:47","modified_gmt":"2026-04-24T21:57:47","slug":"nuit-europeenne-des-musees-grand-site-de-france-de-laven-dorgnac-la-prehistoire-fait-son-cirque","status":"publish","type":"apidae","link":"https:\/\/www.berg-coiron-tourisme.com\/en\/?apidae=nuit-europeenne-des-musees-grand-site-de-france-de-laven-dorgnac-la-prehistoire-fait-son-cirque","title":{"rendered":"Nuit europ\u00e9enne des Mus\u00e9es, Grand site de France de l&#8217;Aven d&#8217;Orgnac : la Pr\u00e9histoire fait son cirque !"},"content":{"rendered":"","protected":false},"excerpt":{"rendered":"","protected":false},"featured_media":114587,"template":"","_links":{"self":[{"href":"https:\/\/www.berg-coiron-tourisme.com\/en\/wp-json\/wp\/v2\/apidae\/114586"}],"collection":[{"href":"https:\/\/www.berg-coiron-tourisme.com\/en\/wp-json\/wp\/v2\/apidae"}],"about":[{"href":"https:\/\/www.berg-coiron-tourisme.com\/en\/wp-json\/wp\/v2\/types\/apidae"}],"wp:featuredmedia":[{"embeddable":true,"href":"https:\/\/www.berg-coiron-tourisme.com\/en\/wp-json\/wp\/v2\/media\/114587"}],"wp:attachment":[{"href":"https:\/\/www.berg-coiron-tourisme.com\/en\/wp-json\/wp\/v2\/media?parent=114586"}],"curies":[{"name":"wp","href":"https:\/\/api.w.org\/{rel}","templated":true}]}}

Nuit européenne des Musées, Grand site de France de l&#8217;Aven d&#8217;Orgnac : la Préhistoire fait son cirque !
