{"id":114532,"date":"2026-04-30T23:51:47","date_gmt":"2026-04-30T21:51:47","guid":{"rendered":"https:\/\/www.berg-coiron-tourisme.com\/?apidae=cinema-en-plein-air-sur-la-terrasse-du-chateau-les-glaneurs-et-la-glaneuses-de-agnes-varda"},"modified":"2026-04-30T23:51:47","modified_gmt":"2026-04-30T21:51:47","slug":"cinema-en-plein-air-sur-la-terrasse-du-chateau-les-glaneurs-et-la-glaneuses-de-agnes-varda","status":"publish","type":"apidae","link":"https:\/\/www.berg-coiron-tourisme.com\/en\/?apidae=cinema-en-plein-air-sur-la-terrasse-du-chateau-les-glaneurs-et-la-glaneuses-de-agnes-varda","title":{"rendered":"Cin\u00e9ma en plein air sur la terrasse du Ch\u00e2teau : &#8220;Les Glaneurs et la Glaneuses&#8221; de Agn\u00e8s Varda"},"content":{"rendered":"","protected":false},"excerpt":{"rendered":"","protected":false},"featured_media":114533,"template":"","_links":{"self":[{"href":"https:\/\/www.berg-coiron-tourisme.com\/en\/wp-json\/wp\/v2\/apidae\/114532"}],"collection":[{"href":"https:\/\/www.berg-coiron-tourisme.com\/en\/wp-json\/wp\/v2\/apidae"}],"about":[{"href":"https:\/\/www.berg-coiron-tourisme.com\/en\/wp-json\/wp\/v2\/types\/apidae"}],"wp:featuredmedia":[{"embeddable":true,"href":"https:\/\/www.berg-coiron-tourisme.com\/en\/wp-json\/wp\/v2\/media\/114533"}],"wp:attachment":[{"href":"https:\/\/www.berg-coiron-tourisme.com\/en\/wp-json\/wp\/v2\/media?parent=114532"}],"curies":[{"name":"wp","href":"https:\/\/api.w.org\/{rel}","templated":true}]}}

Cinéma en plein air sur la terrasse du Château : &#8220;Les Glaneurs et la Glaneuses&#8221; de Agnès Varda
