{"id":109831,"date":"2026-04-22T00:04:50","date_gmt":"2026-04-21T22:04:50","guid":{"rendered":"https:\/\/www.berg-coiron-tourisme.com\/?apidae=marche-gourmand-a-larrivee-du-marathon-international-des-gorges-de-lardeche"},"modified":"2026-04-22T00:04:51","modified_gmt":"2026-04-21T22:04:51","slug":"marche-gourmand-a-larrivee-du-marathon-international-des-gorges-de-lardeche","status":"publish","type":"apidae","link":"https:\/\/www.berg-coiron-tourisme.com\/en\/?apidae=marche-gourmand-a-larrivee-du-marathon-international-des-gorges-de-lardeche","title":{"rendered":"March\u00e9 Gourmand \u00e0 l&#8217;arriv\u00e9e du Marathon international des Gorges de l&#8217;Ard\u00e8che"},"content":{"rendered":"","protected":false},"excerpt":{"rendered":"","protected":false},"featured_media":109832,"template":"","_links":{"self":[{"href":"https:\/\/www.berg-coiron-tourisme.com\/en\/wp-json\/wp\/v2\/apidae\/109831"}],"collection":[{"href":"https:\/\/www.berg-coiron-tourisme.com\/en\/wp-json\/wp\/v2\/apidae"}],"about":[{"href":"https:\/\/www.berg-coiron-tourisme.com\/en\/wp-json\/wp\/v2\/types\/apidae"}],"wp:featuredmedia":[{"embeddable":true,"href":"https:\/\/www.berg-coiron-tourisme.com\/en\/wp-json\/wp\/v2\/media\/109832"}],"wp:attachment":[{"href":"https:\/\/www.berg-coiron-tourisme.com\/en\/wp-json\/wp\/v2\/media?parent=109831"}],"curies":[{"name":"wp","href":"https:\/\/api.w.org\/{rel}","templated":true}]}}

Marché Gourmand à l&#8217;arrivée du Marathon international des Gorges de l&#8217;Ardèche
