{"id":101130,"date":"2026-02-16T12:29:03","date_gmt":"2026-02-16T11:29:03","guid":{"rendered":"https:\/\/www.berg-coiron-tourisme.com\/?apidae=rencontre-avec-un-castaneiculteur-a-loccasion-des-journees-de-patrimoine-de-pays"},"modified":"2026-02-16T12:29:04","modified_gmt":"2026-02-16T11:29:04","slug":"rencontre-avec-un-castaneiculteur-a-loccasion-des-journees-de-patrimoine-de-pays","status":"publish","type":"apidae","link":"https:\/\/www.berg-coiron-tourisme.com\/en\/?apidae=rencontre-avec-un-castaneiculteur-a-loccasion-des-journees-de-patrimoine-de-pays","title":{"rendered":"Rencontre avec un castan\u00e9iculteur \u00e0 l&#8217;occasion des Journ\u00e9es de Patrimoine de Pays"},"content":{"rendered":"","protected":false},"excerpt":{"rendered":"","protected":false},"featured_media":101131,"template":"","_links":{"self":[{"href":"https:\/\/www.berg-coiron-tourisme.com\/en\/wp-json\/wp\/v2\/apidae\/101130"}],"collection":[{"href":"https:\/\/www.berg-coiron-tourisme.com\/en\/wp-json\/wp\/v2\/apidae"}],"about":[{"href":"https:\/\/www.berg-coiron-tourisme.com\/en\/wp-json\/wp\/v2\/types\/apidae"}],"wp:featuredmedia":[{"embeddable":true,"href":"https:\/\/www.berg-coiron-tourisme.com\/en\/wp-json\/wp\/v2\/media\/101131"}],"wp:attachment":[{"href":"https:\/\/www.berg-coiron-tourisme.com\/en\/wp-json\/wp\/v2\/media?parent=101130"}],"curies":[{"name":"wp","href":"https:\/\/api.w.org\/{rel}","templated":true}]}}

Rencontre avec un castanéiculteur à l&#8217;occasion des Journées de Patrimoine de Pays
